-73)/(-5). Let a be l(r). Suppose -13*s + a*s = 115. What is the units digit of s?
3
Let d(c) = -3*c - 2*c**2 - c**3 - 8*c**2 - 13*c + 4*c**2 - 37. What is the hundreds digit of d(-8)?
2
Suppose 12*u + 210 = 1590. Let l(v) = v**3 + 5*v**2 - 2*v + 8. Let g be l(-7). Let i = u + g. What is the tens digit of i?
3
Let g be ((-4)/(-5))/(30/75). Suppose -g*m + 192 = c, 0*m = c - 4*m - 186. What is the hundreds digit of c?
1
Suppose -12*w - 35*w + 1430320 = 105*w. What is the units digit of w?
0
Let m = -38 - 166. Let h = 161 - m. What is the tens digit of h?
6
Let w(y) be the first derivative of 53*y**3/3 + y**2/2 - 10*y - 44. What is the hundreds digit of w(3)?
4
Let x(w) = w**3 - 7*w**2 + 10*w - 15. Suppose -3*k + 23 = 4*d, -5*d = 2*k + k - 25. Suppose 5*m = -25, -2*m = d*b + 2*b - 14. What is the units digit of x(b)?
9
Let q(y) = 84*y - 12. Suppose 0 = -7*j - 3 + 31. What is the tens digit of q(j)?
2
Let d = 368 - 319. Suppose 4708 = d*l - 45*l. What is the units digit of l?
7
Let m(r) be the third derivative of r**4/24 + r**3/3 + 18*r**2. Let a be m(-3). Let u(l) = 23*l**2 - 4*l. What is the units digit of u(a)?
7
Let f(a) = -47*a - 229. Let z be f(-5). Let v = 3 + -3. Suppose v = -z*t + 5*t + 94. What is the units digit of t?
4
Let f(c) = -3*c - 16. Let u(n) = -16*n - 80. Let a(p) = -11*f(p) + 2*u(p). Let k be a(-15). What is the tens digit of (-5 - -2)/(3/(-26)) - k?
2
Let l(t) = t**2 + t + 1. Let c be l(-1). Suppose -23 = 5*x + 6*v - 8, 0 = 3*x - v - 14. What is the units digit of (1 - x)*c - -31?
9
Suppose -3*u - 368 + 1684 = 2*c, -4*c - 3*u = -2632. Suppose -15*t + c = -t. What is the tens digit of t?
4
Suppose 106 = -29*l - 97. What is the tens digit of l*7/(-49) + 222?
2
Suppose -1073 = 42*z - 31355. What is the units digit of z?
1
Let p(a) = -26*a - 4. Let z be p(7). Let o be z/(-9) + 10/(-15). Suppose -3*c - 241 + 9 = -5*d, -o = 5*c. What is the tens digit of d?
4
Let g(b) = -19*b**3 + 3*b**2 + 18*b + 303. What is the hundreds digit of g(-12)?
3
What is the units digit of 135*(-13)/(156/(-352))?
0
Let c be ((-244)/(-8))/(-3 - (-21)/6). Suppose 2*q - 327 = -2*z + c, -380 = -2*q - 4*z. What is the tens digit of q?
9
Let c(r) = 41*r**2 + 15*r - 263. What is the hundreds digit of c(13)?
8
Suppose w + 9 = 4*n, 3*n + 4 + 18 = -5*w. Let j be n/(3*(-1)/(-6)). Suppose -2*u - 4*l + 50 = 0, 3*l = 2*u - j*l - 23. What is the units digit of u?
9
Suppose 0 = -10*r + 9*r + 4383. What is the tens digit of r/12*(-4)/(-9)*6?
7
Suppose 76683 = 4*b + o, 2*b + 12*o - 38359 = 9*o. What is the thousands digit of b?
9
Let b(w) = -145*w + 801. What is the thousands digit of b(-31)?
5
Suppose -6*y - 552 = -4164. Suppose -3*i = -4*i + 5*c + 632, -i + y = c. What is the units digit of i?
7
Suppose 8 = r - 5*r. What is the units digit of (2*(r + 694))/(2 - 0)?
2
Suppose -18 = -2*k + 4. Let f(n) = 127 + k*n + 3*n - 100. What is the units digit of f(14)?
3
Suppose 853*s - 871*s + 910332 = 0. What is the thousands digit of s?
0
Suppose 2*f = 3*c + 43614 - 239669, 4*c = -5*f + 261353. What is the units digit of c?
7
Let t(q) = 29*q - 1. Let k(v) = 115*v - 4. Let j(l) = -4*k(l) + 18*t(l). Suppose 0 = y - 3*y - 2*m + 6, 8 = -2*y + 5*m. What is the units digit of j(y)?
0
What is the thousands digit of (-3748)/(-14 + (-7776)/(-558))?
8
Let r(g) = -17394*g**3 + 6*g**2 - g - 3. What is the units digit of r(-1)?
8
Suppose -28747 + 8357 = -5*k. What is the tens digit of k?
7
Let n = 98 + -51. Suppose 5*l - 50 = -3*r, -r + 2*l = -n + 12. Suppose -r + 4 = -3*v + 4*t, -3 = -5*v - 4*t. What is the units digit of v?
3
What is the units digit of 11720/2 + 27/(-9)?
7
Let m(s) = 2*s**3 - 4*s - 3. Let l be m(-2). Let i be (6/9)/(68/(-2142)). What is the tens digit of l/4*(i + 1)?
5
Let p(t) = -2*t**2 + t**2 + 5*t**2 + t - 256 - 3*t**2 - 18. What is the tens digit of p(-43)?
3
Suppose 5*f + 3*j = 55188, -2*j - 181 = -f + 10854. What is the ten thousands digit of f?
1
Suppose -i + 47 = p, -4*p + 27 + 167 = i. What is the hundreds digit of 5 + 7/(p/2590)?
3
Suppose s = 4*k + 7284, 4*s + 19*k = 14*k + 29052. What is the thousands digit of s?
7
Suppose -2*x + 3*j + 266 = 0, 381 + 246 = 5*x + 2*j. Suppose r - 170 - x = 0. What is the units digit of r?
7
Let k(b) = 5*b**3 + 4*b**2 - 13*b + 23. What is the units digit of k(6)?
9
Let o = 23770 + -14397. What is the hundreds digit of o?
3
Let l = -811 + 1503. Suppose 5*u - 2*j = 697, -5*u - 6*j + l = -3*j. Suppose -2*b = 3*z - 306, -4*z + 2*z = -b + u. What is the tens digit of b?
4
Let p = 125 - 96. Suppose 6206 + 2668 = p*u. What is the units digit of u?
6
Let n(c) = -c**3 + 39*c**2 + 53*c - 1058. What is the hundreds digit of n(26)?
1
Let s = -16851 - -24411. Suppose -13*z + 3*z = -s. Suppose -z = -2*m - 3*m + w, -4*m + 4*w + 608 = 0. What is the tens digit of m?
5
Let a = -128 - -130. Suppose -a*x + 1285 + 533 = 0. What is the tens digit of x?
0
Let t = -3748 - -6453. What is the units digit of t?
5
Suppose 5*x + 169 = 24. Suppose -10*l = -0*l - 570. Let r = l + x. What is the units digit of r?
8
Let q(o) = 9*o**2 + 0*o**2 - 8*o**2 - 5 + 9*o. Let j be q(-10). Suppose 0 = j*n - 2 - 408. What is the tens digit of n?
8
Let g(f) = 29*f**2 + 42*f + 141. What is the hundreds digit of g(20)?
5
Let y = -14085 + 18205. What is the units digit of y?
0
Let y(s) = -102*s**3 - 2*s**2 + 14*s - 10. What is the hundreds digit of y(-6)?
8
Let y(f) = -f. Let o be y(-4). Suppose 0 = -2*d + 10, d = o*k - d + 14. What is the units digit of 3/(k + (0 - -2))?
3
Suppose 2*p - 5*l - 10 = 0, -5*l = 1 - 11. Let w(u) = 116*u**2 - 5*u - u**3 + 123*u**2 + 14 - 355*u**2 + 127*u**2. What is the units digit of w(p)?
4
Suppose 3*y + 0*y + 108 = 0. Let f be (-6)/(-1)*(-16)/y*-3. What is the units digit of f/48 - 110/(-12)?
9
Suppose -110*i + 111*i + 1 = 0. Let l(h) = -602*h**2 + 4*h + 11. Let c(b) = 301*b**2 - 2*b - 6. Let y(k) = -5*c(k) - 3*l(k). What is the units digit of y(i)?
0
Let l = -124 - -117. Let v(h) = -20*h - 41. What is the tens digit of v(l)?
9
What is the tens digit of ((-187)/(-34))/(((-2)/(-16))/((-66168)/(-48)))?
5
Let o(i) = -2*i**3 - 12*i**2 - 10*i - 23. Suppose 3*m = 9, 5 = -3*d - 2*m - 19. What is the tens digit of o(d)?
7
Suppose t - 80 = -0*g - 3*g, g + 2*t - 20 = 0. What is the units digit of ((-21)/g*-106)/(6/44)?
3
Let x(p) = -p**3 - 13*p**2 - 16*p - 1. Let j be 101 + 5/(10/(-6)). Let c = 86 - j. What is the tens digit of x(c)?
4
Let j = -2620 + 11684. What is the tens digit of j?
6
Let r(i) = 1107*i**2 + 5*i - 6. Let q be r(1). Let n = q - 546. What is the hundreds digit of n?
5
What is the units digit of -2*21/(-4) + -10 - 21647/(-2)?
4
Let s be 2/(-12) + 4/(-24)*587. Let b = 28 - 4. What is the units digit of (b/14)/(-6 - 589/s)?
8
Let v = 332 + -217. Suppose 15 = 5*u - 0*u. Let m = v - u. What is the hundreds digit of m?
1
Let t(v) = -18*v**3 - 3*v**2 - 3*v + 5. Let s be t(3). Let a = -283 - s. What is the units digit of a?
4
Let n = -5 + 7. Suppose 2*o + n = -2*k, -3*o - 8 = 4*k + 2*o. Suppose 5*q + 3*c - 453 = 0, -c + 267 = k*q - 4*c. What is the units digit of q?
0
Suppose 3*j = -2*d + 369, 3*d - 259 = 3*j + 272. Let r(i) = i**2 + 6*i + 3. Let b be r(-6). Suppose -w + d = b*w. What is the tens digit of w?
4
Let n = -131 - -133. Suppose n*y - s - 7 = 203, 0 = 2*y + 2*s - 210. What is the hundreds digit of y?
1
Suppose 17*n = 152713 + 192630 + 415917. What is the units digit of n?
0
Let r(m) = -m + 3*m**2 + 3*m + 5*m + 122 - 5*m. What is the hundreds digit of r(0)?
1
Suppose -2*h - 2*h + 1484 = 0. Suppose t + 2*t - 5*f - 6 = 0, -3*f = -t + 2. Suppose -y = 5*v + 2*y - h, t*v - 164 = 4*y. What is the units digit of v?
6
Suppose -24033 = 8*y - 54193. What is the tens digit of y?
7
Let q(k) = -7*k + 6. Let y be q(20). Let p = y + 133. Let f(w) = -230*w**3 + w + 2. What is the tens digit of f(p)?
3
Let k(v) = -6*v + 49. Let o be (0 - -2)/(0 - 2/21). What is the hundreds digit of k(o)?
1
Let f(k) = -21*k + 1. Let r(h) = h**2 + 14*h + 15. Let b be r(-13). Suppose -b*w + t = 1, -2*t = -7*w + 4*w. What is the units digit of f(w)?
3
Let l(c) = 232*c**2 - 19*c + 44. What is the tens digit of l(6)?
8
Let p = 212 - 196. What is the hundreds digit of ((-1828)/p + 6)*-4?
4
Let a be 7*(-3)/6 + (-51)/(-34). Let t(j) = -142*j + 26. What is the tens digit of